 factor of 900 and 5490.
90
What is the highest common divisor of 1653 and 145?
29
What is the highest common factor of 11214 and 126?
126
Calculate the highest common divisor of 130 and 39.
13
What is the greatest common factor of 48 and 246?
6
Calculate the greatest common divisor of 42 and 84.
42
Calculate the greatest common factor of 9945 and 90.
45
What is the greatest common factor of 19698 and 42?
42
Calculate the highest common factor of 39 and 91.
13
What is the greatest common factor of 18 and 46017?
9
What is the greatest common factor of 29 and 1653?
29
What is the highest common factor of 147 and 12?
3
What is the highest common divisor of 30 and 330?
30
What is the greatest common divisor of 533 and 91?
13
Calculate the greatest common factor of 232 and 8.
8
Calculate the highest common divisor of 1334 and 69.
23
What is the greatest common factor of 780 and 960?
60
Calculate the greatest common factor of 528 and 33.
33
Calculate the greatest common divisor of 264 and 48.
24
What is the highest common factor of 1768 and 12?
4
Calculate the greatest common divisor of 38 and 494.
38
What is the highest common divisor of 333 and 9?
9
Calculate the greatest common factor of 340 and 4280.
20
What is the greatest common factor of 102 and 6?
6
What is the highest common divisor of 135 and 51?
3
What is the greatest common divisor of 18 and 6?
6
Calculate the highest common factor of 40 and 380.
20
Calculate the greatest common factor of 1395 and 62.
31
Calculate the highest common factor of 363 and 231.
33
What is the highest common factor of 176 and 22?
22
Calculate the highest common factor of 200 and 16.
8
What is the highest common factor of 4216 and 323?
17
Calculate the highest common factor of 75 and 3075.
75
Calculate the greatest common factor of 19 and 209.
19
Calculate the highest common factor of 72 and 56.
8
What is the greatest common divisor of 112 and 14?
14
Calculate the highest common divisor of 60 and 3576.
12
What is the greatest common divisor of 11242 and 730?
146
Calculate the greatest common factor of 12 and 516.
12
Calculate the highest common divisor of 288 and 108.
36
Calculate the highest common divisor of 90 and 170.
10
What is the greatest common divisor of 4950 and 1080?
90
Calculate the highest common divisor of 1207 and 17.
17
Calculate the greatest common factor of 1020 and 60.
60
Calculate the highest common factor of 5 and 38.
1
What is the highest common divisor of 287 and 738?
41
What is the greatest common factor of 392 and 168?
56
Calculate the greatest common divisor of 27576 and 48.
24
Calculate the highest common divisor of 78 and 26.
26
What is the greatest common factor of 846 and 45?
9
Calculate the greatest common divisor of 459 and 289.
17
What is the greatest common factor of 259 and 4107?
37
What is the greatest common divisor of 1100 and 385?
55
Calculate the greatest common factor of 7 and 2296.
7
Calculate the highest common divisor of 16 and 172.
4
Calculate the greatest common factor of 6603 and 355.
71
What is the highest common factor of 177 and 15?
3
What is the highest common divisor of 104 and 182?
26
Calculate the highest common factor of 164 and 82.
82
What is the greatest common divisor of 63145 and 730?
365
What is the highest common divisor of 37 and 7?
1
Calculate the greatest common divisor of 180 and 76.
4
Calculate the highest common divisor of 896 and 7.
7
Calculate the highest common factor of 20 and 490.
10
Calculate the greatest common factor of 4823 and 91.
91
Calculate the greatest common divisor of 32572 and 136.
68
Calculate the greatest common divisor of 15 and 1185.
15
What is the highest common factor of 62 and 341?
31
What is the highest common divisor of 10 and 565?
5
Calculate the highest common divisor of 423 and 576.
9
What is the highest common divisor of 88 and 2816?
88
Calculate the greatest common factor of 348 and 2697.
87
Calculate the highest common divisor of 30 and 42.
6
What is the greatest common factor of 11603 and 566?
283
What is the highest common divisor of 23 and 2?
1
What is the greatest common factor of 31 and 62?
31
What is the highest common factor of 1368 and 9?
9
What is the highest common factor of 117 and 520?
13
What is the highest common factor of 2550 and 680?
170
Calculate the greatest common divisor of 8112 and 104.
104
What is the highest common divisor of 188 and 1?
1
What is the highest common factor of 20503 and 203?
203
What is the highest common divisor of 1360 and 120?
40
Calculate the greatest common factor of 7875 and 21.
21
Calculate the highest common divisor of 100 and 315.
5
Calculate the highest common divisor of 91 and 2457.
91
Calculate the greatest common divisor of 41 and 1107.
41
What is the greatest common divisor of 15 and 120?
15
What is the greatest common divisor of 22 and 52?
2
What is the highest common divisor of 72 and 228?
12
What is the highest common factor of 3933 and 2736?
171
What is the highest common factor of 200 and 325?
25
Calculate the highest common factor of 448 and 80.
16
What is the highest common factor of 154 and 539?
77
Calculate the greatest common factor of 14 and 49.
7
Calculate the highest common factor of 2332 and 88.
44
What is the highest common factor of 45 and 981?
9
Calculate the greatest common divisor of 63 and 861.
21
Calculate the highest common divisor of 62 and 32.
2
What is the greatest common divisor of 96 and 3?
3
What is the greatest common divisor of 64 and 16?
16
What is the greatest common factor of 6 and 258?
6
Calculate the greatest common divisor of 39 and 48.
3
What is the greatest common factor of 31 and 310?
31
What is the greatest common divisor of 621 and 138?
69
Calculate the greatest common factor of 42173 and 362.
181
Calculate the greatest common factor of 186 and 3286.
62
What is the highest common factor of 68 and 1156?
68
What is the highest common factor of 8151 and 38?
19
What is the highest common factor of 122130 and 69?
69
What is the highest common factor of 13 and 6617?
13
What is the greatest common divisor of 4350 and 300?
150
Calculate the highest common factor of 1415 and 20.
5
What is the highest common divisor of 182 and 2106?
26
Calculate the highest common factor of 3900 and 450.
150
Calculate the greatest common divisor of 846 and 188.
94
What is the highest common factor of 40 and 2620?
20
What is the highest common divisor of 1363 and 1457?
47
Calculate the greatest common factor of 66 and 132.
66
What is the highest common factor of 324 and 104?
4
What is the greatest common factor of 12 and 372?
12
What is the highest common divisor of 12 and 948?
12
Calculate the greatest common factor of 72 and 488.
8
What is the greatest common factor of 4 and 668?
4
Calculate the highest common factor of 209 and 187.
11
Calculate the greatest common divisor of 4 and 19204.
4
What is the greatest common factor of 672 and 7968?
96
Calculate the greatest common factor of 791 and 113.
113
Calculate the highest common factor of 84 and 960.
12
Calculate the highest common factor of 210 and 6.
6
What is the highest common factor of 15 and 15?
15
Calculate the highest common factor of 5371 and 41.
41
Calculate the greatest common divisor of 46 and 1886.
46
Calculate the highest common divisor of 52 and 8.
4
Calculate the greatest common divisor of 5192 and 33.
11
What is the highest common factor of 51922 and 78?
26
What is the greatest common divisor of 441 and 189?
63
What is the highest common divisor of 22878 and 246?
246
What is the greatest common divisor of 817 and 86?
43
What is the highest common factor of 180 and 420?
60
What is the highest common factor of 688 and 32?
16
What is the highest common factor of 473 and 43?
43
Calculate the highest common divisor of 38 and 38.
38
What is the highest common divisor of 180 and 315?
45
Calculate the highest common factor of 48 and 636.
12
What is the greatest common factor of 116 and 377?
29
Calculate the highest common factor of 1386 and 36.
18
Calculate the highest common factor of 535 and 11449.
107
Calculate the greatest common divisor of 9 and 261.
9
What is the greatest common factor of 2025 and 324?
81
Calculate the highest common divisor of 18 and 34038.
18
Calculate the hig